 = -n**2 + 4*n + 16. Give x(5).
11
Let k(b) = -2*b**2 + 10*b + 14. Calculate k(6).
2
Let f(p) = -2*p**3 + p**2 + 4*p - 1. Determine f(2).
-5
Let u(c) = 2*c**2 - 12*c + 10. Give u(4).
-6
Let g(w) = -33*w**2 + 132*w - 5. Give g(4).
-5
Let t(m) = -2*m**2 - 5*m + 14. Give t(-5).
-11
Let t(x) = x**3 - x**2 + 4*x - 7. Determine t(3).
23
Let d(u) = -u**2 + 3*u + 18. Give d(5).
8
Let g(j) = -j**2 + j + 9. Determine g(0).
9
Let k(r) = 2*r**2 + 6*r + 4. Calculate k(-8).
84
Let h(f) = -23*f - 110. Calculate h(-5).
5
Let l(v) = -2*v**2 + 2. What is l(3)?
-16
Let z(r) = -12*r**2 + 64*r - 15. What is z(5)?
5
Let m(w) = w**3 + w**2 + 3*w - 4. Give m(4).
88
Let k(x) = x**3 + x**2 + 12*x + 23. What is k(-2)?
-5
Let d(m) = -m**3 + 11*m**2 + 12*m - 23. Calculate d(12).
-23
Let q(a) = 65*a - 448. What is q(7)?
7
Let s(w) = 2*w**3 + 70*w**2 - w - 53. What is s(-35)?
-18
Let t(y) = -5*y + 231. Give t(48).
-9
Let p(a) = 3*a**2 + 4*a + 3. Give p(-2).
7
Let w(s) = -s**3 + s**2 - s - 11. Give w(0).
-11
Let o(v) = 18*v - 39. Give o(3).
15
Let p(l) = l**2 + 3*l + 14. Determine p(8).
102
Let k(x) = x**3 - 8*x**2 + 10*x - 7. Determine k(8).
73
Let z(d) = -d**2 + 14*d + 18. Determine z(14).
18
Let b(z) = -3*z + 6. Give b(0).
6
Let k(q) = -2*q**3 + 4*q**2 + 3*q + 1. Determine k(-2).
27
Let w(v) = -11*v + 65. Calculate w(0).
65
Let v(a) = a**3 - a**2 - 7*a - 12. Determine v(5).
53
Let l(u) = 3*u - 93. Give l(28).
-9
Let l(m) = -m**3 + m**2 + 59. Give l(0).
59
Let t(h) = -6*h**2 - 4*h + 7. What is t(-3)?
-35
Let c(j) = -j**3 - j**2 + 40. What is c(0)?
40
Let u(h) = h - 26. Calculate u(18).
-8
Let o(i) = 18*i - 1. Give o(-1).
-19
Let h(y) = -y**3 + 2*y**2 + 3*y - 4. Calculate h(3).
-4
Let k(c) = -c - 36. Determine k(-29).
-7
Let j(t) = t**3 - 21*t**2 - 24*t - 4. Determine j(22).
-48
Let c(t) = 18*t**3 + 4*t - 3. Give c(1).
19
Let r(p) = -p**3 + 4*p**2 + 6*p - 19. Calculate r(2).
1
Let v(r) = 2*r**2 + 4*r - 1. Give v(-6).
47
Let b(r) = -r**2 - 21*r - 31. Determine b(-9).
77
Let k(l) = 10*l - 22. What is k(5)?
28
Let w(r) = -2*r**2 - 2*r - 6. What is w(0)?
-6
Let f(p) = -p**3 - 2*p**2 + p + 1. What is f(-3)?
7
Let t(h) = -88*h - 1139. Determine t(-13).
5
Let u(c) = -40*c + 9. What is u(-1)?
49
Let x(m) = m**2 + 13*m + 25. Determine x(-11).
3
Let k(t) = 3*t**2 - 41*t + 52. Give k(12).
-8
Let f(b) = -3*b - 15. Give f(-5).
0
Let g(l) = -l**3 - 13*l**2 + 15*l - 10. Give g(-14).
-24
Let r(o) = 2*o - 7. What is r(6)?
5
Let p(j) = j**3 + 6*j**2 + 8*j - 5. Calculate p(-5).
-20
Let n(c) = -5*c**2 - 13*c - 3. Determine n(-5).
-63
Let h(v) = -v**3 - 34*v**2 - v - 36. Determine h(-34).
-2
Let c(z) = -34*z**3 - 2*z**2 + 1. What is c(-1)?
33
Let w(c) = 2*c**3 - 2*c**2 - 2*c + 3. What is w(1)?
1
Let n(b) = -40*b**3 + 2*b**2 - b - 1. Calculate n(-1).
42
Let j(h) = h**3 - 2. Give j(0).
-2
Let x(w) = -10*w + 8. Calculate x(4).
-32
Let h(c) = c**2 - 19*c - 47. Give h(20).
-27
Let t(n) = 4*n**2 + 8*n - 7. What is t(-5)?
53
Let k(v) = -v**2 - v - 1. Give k(-6).
-31
Let s(d) = 29*d - 117. Calculate s(4).
-1
Let s(l) = -l + 10. What is s(17)?
-7
Let x(u) = -u**2 + 6*u - 3. Determine x(3).
6
Let i(x) = x**2 - 4*x - 19. Determine i(-8).
77
Let r(f) = 51*f - 1. What is r(1)?
50
Let b(x) = 6*x**2 - 5*x - 4. What is b(-1)?
7
Let k(q) = -q**2 - 15*q - 45. Give k(-13).
-19
Let j(n) = -n**2 - 8*n - 13. What is j(-3)?
2
Let t(q) = q - 14. Calculate t(13).
-1
Let y(i) = -i**3 + 5*i**2 - 4*i + 3. What is y(3)?
9
Let u(j) = 3*j**2 + 49*j + 128. Determine u(-13).
-2
Let u(j) = -j**3 + 15*j**2 + 4*j - 34. Calculate u(15).
26
Let y(w) = -w**3 - 4*w**2 - w + 16. Determine y(0).
16
Let b(a) = -a**3 - 10*a**2 + 12*a + 21. Determine b(-11).
10
Let b(v) = -3*v - 2. Calculate b(3).
-11
Let l(u) = 2*u + 21. Calculate l(7).
35
Let l(v) = v - 3. Give l(2).
-1
Let o(a) = -a**3 + 24*a**2 - 26*a + 79. Determine o(23).
10
Let c(u) = u**3 - 5*u**2 + 10*u - 6. Determine c(2).
2
Let w(o) = o**2 + 28*o + 143. What is w(-8)?
-17
Let x(t) = -t**2 - t + 4. Determine x(2).
-2
Let x(c) = c**3 - 2*c**2 - 3*c + 5. What is x(3)?
5
Let m(y) = -y**2 + 10*y + 21. Determine m(12).
-3
Let d(h) = -h**3 + 9*h**2 + 2*h + 14. What is d(9)?
32
Let z(g) = -g**3 - 4*g**2 - 7*g - 8. What is z(-4)?
20
Let o(s) = -2*s**3 - 46*s**2 - 43*s + 15. Give o(-22).
-7
Let v(a) = -a**3 + a + 2. Give v(0).
2
Let g(f) = 2*f**2 + f - 1. Calculate g(-5).
44
Let a(q) = -q**3 + 6*q**2 - 9. What is a(5)?
16
Let u(f) = -f**2 + 4*f + 1. Give u(-8).
-95
Let t(d) = -9*d**3 + 5*d**2 - 2*d - 2. What is t(2)?
-58
Let h(b) = -b**3 - 6*b**2 + 7*b - 6. Give h(-6).
-48
Let r(x) = 3*x**2 - 3*x - 1. What is r(-2)?
17
Let j(t) = t + 1. What is j(6)?
7
Let j(p) = 2*p**2 + 3*p - 3. Determine j(2).
11
Let b(d) = -3*d - 18. Determine b(6).
-36
Let y(r) = -3*r - 13. What is y(-4)?
-1
Let l(y) = -67*y**3 - 2*y**2 + 2*y - 1. What is l(1)?
-68
Let z(r) = r**3 - 6*r**2 - 15*r + 2. Give z(8).
10
Let s(w) = 23*w + 553. What is s(-24)?
1
Let s(m) = m**2 - 15*m + 45. Give s(11).
1
Let u(c) = c - 1. Determine u(4).
3
Let i(z) = -z**2 + 3*z - 5. Give i(5).
-15
Let a(u) = -2*u**2 + 18*u - 73. What is a(5)?
-33
Let o(l) = 2*l + 7. Give o(-7).
-7
Let p(l) = l**2 + 5*l + 4. What is p(-4)?
0
Let o(v) = -4*v - 5. What is o(7)?
-33
Let x(h) = -9*h - 102. Determine x(-11).
-3
Let c(x) = -x**2 - 6*x + 3. What is c(6)?
-69
Let n(j) = j**3 + 7*j**2 + 6*j - 3. What is n(-3)?
15
Let b(d) = -3*d**2 + d. Determine b(-1).
-4
Let m(c) = c**2 - 12*c + 14. Give m(11).
3
Let j(x) = 7*x + 56. Calculate j(-5).
21
Let h(c) = -c**2 + 14*c - 6. What is h(6)?
42
Let j(f) = f**3 - 11*f**2 - 3*f + 3. Determine j(11).
-30
Let k(c) = c**2 - 13*c + 15. Determine k(12).
3
Let d(w) = 3*w**2 + 7*w. What is d(-3)?
6
Let d(n) = -n**2 - 19*n - 69. Calculate d(-14).
1
Let x(a) = a - 2. Give x(-8).
-10
Let m(h) = -h + 14. What is m(11)?
3
Let z(w) = w - 17. Determine z(13).
-4
Let q(a) = -9*a**2 + 6*a + 15. Determine q(-2).
-33
Let c(u) = -2*u - 5. Calculate c(9).
-23
Let l(b) = -b**3 + 6*b**2 - 3*b - 2. Give l(4).
18
Let r(n) = n**2 - 9*n - 53. What is r(-4)?
-1
Let f(u) = 14*u + 112. Give f(-8).
0
Let r(z) = -5*z**2 - 16*z - 22. What is r(-3)?
-19
Let t(w) = -w**2 - 3*w + 51. Determine t(0).
51
Let z(g) = g**3 - 17*g**2 + 18. Give z(17).
18
Let f(m) = 3*m + 4. What is f(-1)?
1
Let j(a) = -a**3 - 8*a**2 + 2*a + 11. Determine j(-9).
74
Let z(y) = y**2 - 2*y - 3. Determine z(4).
5
Let q(g) = 6*g - 16. What is q(3)?
2
Let x(t) = t**3 + 12*t**2 + 27*t - 12. Determine x(-5).
28
Let p(s) = -2*s**2 - 9*s + 8. Give p(-7).
-27
Let b(v) = -4*v**3 + 86*v**2 + 43*v + 28. Calculate b(22).
6
Let j(w) = -w**2 - 5*w + 6. Give j(-7).
-8
Let q(m) = 27*m + 13. Calculate q(-1).
-14
Let b(j) = -j**3 - 8*j**2 - 3*j - 26. Calculate b(-8).
-2
Let i(x) = -x**3 - 8*x**2 - 5*x + 13. Give i(-7).
-1
Let d(h) = h**3 + 2*h**2 - 4*h - 1. What is d(-3)?
2
Let z(a) = a + 2. Give z(-7).
-5
Let b(g) = -g**3 + 6*g**2 + 44*g - 44. Calculate b(10).
-4
Let h(w) = -w**3 + 8*w**2 - 6*w - 8. Calculate h(7).
-1
Let z(h) = -3*h**2 - 2*h + 1. Determine z(-2).
-7
Let h(d) = -d**3 + 8*d**2 + 18*d + 2. Calculate h(10).
-18
Let h(c) = -2*c + 34. Give h(15).
4
Let j(u) = -u**3 - 10*u**2 + 9*u + 7. Give j(-11).
29
Let s(i) = 28*i**2. Give s(1).
28
Let z(i) = -i**3 - 6*i**2 + 2*i - 6. Determine z(-6).
-18
Let d(r) = -4*r - 46. Calculate d(8).
-78
Let p(f) = -3*f - 2. What is p(-2)?
4
Let z(h) = h**2 - 4*h - 45. Give z(-5).
0
Let u(b) = b**2 + 11*b + 15. Determine u(-10).
5
Let l(x) = -5*x**3 - 3*x - 1. Give l(-2).
45
Let x(p) = -p**3 - 10*p**2 - 16*p - 15. Calculate x(-8).
-15
Let o(l) = -4*l**3 + 2*l**2 - 2*l + 1. What is o(1)?
-3
Let d(i) = i**2 + 9*i + 12. Calculate d(-6).
-6
Let g(k) = -4*k + 138. Give g(35).
-2
Let p(d) = 61*d**2 + 121*d + 4. Calculate p(-2).
6
Let n(z) = 3*z + 6. Give n(-6).
-12
Let b(s) = -s**3 - 12*s**2 - 35*s + 7. Calculate b(-7).
7
Let g(o) = -o**2 + 11*o + 7. Give g(0).
7
Let p(r) = -4*r**2 + 43*r - 14. Calculate p(11).
-25
Let z(y) = -y**2 + 16*y + 46. Calculate z(14).
74
Let o(b) = 7*b - 63. Calculate o(10).
7
Let b(m) = -2*m - 22. Determine b(-11).
0
Let k(i) = i**3 + 4*i**2 - 5*i. What is k(-4)?
20
Let d(z) = z**3 + 4*z**2 - 7*z - 3. What is d(-5)?
7
Let j(m) = -108*m - 438. Determine j(-4).
-6
Let d(z) = -2*z**3 + 23*z**2 + 13*z - 12. Calculate d(12).
0